j + 9005. Calculate p(-214).
17
Let u(d) = 7*d**2 - 134*d - 1515. Calculate u(-12).
1101
Let s(j) = -2*j**2 - 64480*j - 12306418. Calculate s(-192).
14
Let h(p) = 2*p**3 - 105*p**2 - 3574*p + 137. What is h(76)?
-15
Let j(l) = -l**3 + 22*l**2 + 7824*l - 1872. Give j(100).
528
Let f(n) = -174*n**2 + 2212*n + 15437. Determine f(-5).
27
Let w(h) = 10276*h + 83809. Give w(-8).
1601
Let n(a) = -5*a**2 + 191*a - 1260. Determine n(7).
-168
Let l(g) = 925*g**3 - 5*g**2 + 44*g - 39. What is l(1)?
925
Let q(t) = 1680*t + 70474. Determine q(-42).
-86
Let a(q) = -4*q**3 - 960*q**2 - 7*q - 2145. Give a(-240).
-465
Let x(g) = -3*g**2 + 3178*g + 12722. Give x(-4).
-38
Let z(a) = -3*a**3 + 2017*a**2 - 8118*a - 1. Calculate z(4).
-393
Let a(u) = -1220*u - 14939. Calculate a(-12).
-299
Let z(j) = 50731*j + 1369733. What is z(-27)?
-4
Let x(r) = r**3 - 7*r**2 - 8*r + 20. Calculate x(-7).
-610
Let x(r) = -2*r**3 - 8*r**2 - 6*r + 57. What is x(4)?
-223
Let r(y) = -y**2 + 7590*y - 60657. Give r(8).
-1
Let s(r) = -r**2 - 295*r - 14030. Calculate s(-235).
70
Let d(w) = -2699*w**3 + 2*w**2 - 219*w - 219. Calculate d(-1).
2701
Let i(q) = -q**3 + 164*q**2 + 414*q - 13582. Determine i(166).
30
Let h(w) = -58*w**2 - 1075*w - 29. Calculate h(-13).
4144
Let m(l) = 128*l**2 - 26373*l + 1022. Calculate m(206).
-8
Let r(k) = 5358*k + 401825. Give r(-75).
-25
Let k(p) = 63815*p + 3063091. Give k(-48).
-29
Let h(t) = 8*t**3 + 7*t**2 - 64*t + 260. Calculate h(4).
628
Let j(a) = -13531*a - 202953. Give j(-15).
12
Let q(t) = t**3 + 898*t**2 - 25*t + 12. What is q(0)?
12
Let l(o) = 7739*o - 37775. What is l(5)?
920
Let l(t) = 44*t + 1702. Calculate l(-17).
954
Let p(i) = -3*i**3 + 76*i**2 - 130*i - 729. Give p(23).
-16
Let p(g) = -2*g**2 + 214*g + 2593. Give p(-11).
-3
Let o(d) = -d**3 + d**2 + 836*d - 194. Determine o(0).
-194
Let u(m) = -6*m**3 - 3954*m**2 + 11861*m + 6. What is u(3)?
-159
Let m(y) = -4*y**2 - 266*y + 100. Give m(0).
100
Let n(q) = q**3 - 25*q**2 - 45*q + 526. Give n(26).
32
Let z(m) = 2*m**2 - 5105*m + 395553. Calculate z(80).
-47
Let m(h) = 105*h**2 - 81*h - 77. Calculate m(-1).
109
Let i(w) = -11*w**2 - 1279*w - 1281. Determine i(-1).
-13
Let c(p) = 4*p**2 - 324*p - 5787. Determine c(-19).
1813
Let y(n) = -2*n**2 + 185*n + 17852. Calculate y(-59).
-25
Let j(p) = 2*p**2 - 138*p + 550. What is j(3)?
154
Let v(u) = -1567*u - 125398. Determine v(-80).
-38
Let d(k) = -10*k**3 + 47*k**2 + 24*k - 180. Determine d(8).
-2100
Let c(z) = z**2 - 100*z + 68. What is c(97)?
-223
Let v(j) = 489*j**3 - 2*j**2 + 16*j + 16. Calculate v(-1).
-491
Let r(q) = 4*q**2 + 2409*q - 4807. Determine r(2).
27
Let k(i) = i**2 - 183*i - 65650. Calculate k(356).
-4062
Let h(u) = -130*u**3 - 71*u**2 - 280*u - 210. Calculate h(-1).
129
Let l(x) = -65*x**2 + 6899*x - 27572. What is l(4)?
-1016
Let i(q) = -335*q + 1515. Calculate i(4).
175
Let v(y) = y**2 + 314*y - 14257. Determine v(40).
-97
Let h(q) = -10*q**2 - 1784*q - 5883. Determine h(-175).
67
Let n(l) = -l**3 - 160*l**2 - 882*l + 72034. Give n(-151).
7
Let i(s) = -4*s**3 + 163*s**2 + 51*s + 365. Determine i(41).
775
Let x(f) = -100*f**2 - 768*f - 469. What is x(-7)?
7
Let j(x) = -x**3 - 158*x**2 + 309*x - 1716. What is j(-160)?
44
Let c(u) = -265*u - 2060. Calculate c(11).
-4975
Let u(o) = -80*o**3 + 235*o**2 - 469*o + 1467. What is u(3)?
15
Let b(q) = -q**3 + 116*q**2 + 1083*q - 149466. What is b(114)?
-12
Let l(s) = 2*s**3 - 37*s**2 + 1334*s - 25701. Determine l(19).
6
Let v(j) = j**3 + 8389*j**2 + 117248*j - 81. Give v(-14).
-53
Let y(i) = -775*i - 11115. Determine y(-15).
510
Let v(x) = -33181*x + 232208. Give v(7).
-59
Let f(x) = x**3 - 501*x**2 + 2175*x - 92932. Calculate f(497).
7
Let f(l) = -420*l**3 + 8818*l**2 + 34*l + 139. What is f(21)?
-29
Let h(j) = -j**3 + 31*j**2 - 147*j - 876. What is h(23)?
-25
Let u(l) = l**3 - 232*l**2 + 7832*l - 23. Determine u(41).
18
Let p(u) = -65448*u - 196448. Give p(-3).
-104
Let n(h) = 2*h**2 + 13*h - 1494. Give n(29).
565
Let v(d) = 102*d**2 - 1187*d - 406. Determine v(12).
38
Let b(f) = 89*f**2 + 1067*f + 3032. What is b(-7)?
-76
Let d(m) = -11*m**3 + 7*m**2 + 27*m + 21. What is d(-4)?
729
Let k(q) = 15731*q - 78382. Give k(5).
273
Let b(k) = k**3 + 143*k**2 + 984*k + 4359. What is b(-136)?
7
Let k(z) = 4*z**3 + 43*z**2 + 66*z + 22. Give k(-9).
-5
Let n(b) = 2*b**3 + 22*b**2 + 211*b + 1083. Calculate n(-7).
-2
Let y(n) = -32150*n - 321431. Give y(-10).
69
Let j(q) = -6*q**3 - 76*q**2 - 156*q + 13. What is j(-10)?
-27
Let k(v) = -16*v**2 + 857*v - 5644. Calculate k(46).
-78
Let k(g) = -226*g**2 - 6*g - 42. Give k(2).
-958
Let w(c) = c**2 - 183*c + 855. Calculate w(178).
-35
Let d(q) = -16256*q + 32817. Calculate d(2).
305
Let t(l) = -6544*l + 2964442. Determine t(453).
10
Let a(v) = -v**3 - 156*v**2 - 250*v + 9138. What is a(-154)?
206
Let w(d) = 118*d - 1934. What is w(7)?
-1108
Let h(y) = -166*y - 7897. What is h(-47)?
-95
Let z(d) = 13*d**2 + 28*d + 3295. Give z(0).
3295
Let c(y) = 96*y**3 + 54*y**2 + 140*y + 84. What is c(-1)?
-98
Let y(u) = -u**3 - 49*u**2 - 226*u + 40. Determine y(-44).
304
Let y(f) = 2*f**2 + 233*f + 5136. Determine y(-84).
-324
Let j(t) = -25*t**2 + 214*t. Determine j(11).
-671
Let q(c) = -2412*c + 156773. What is q(65)?
-7
Let y(n) = n**2 - 823*n + 51409. Give y(68).
69
Let i(g) = g**3 - 209*g**2 - 2232*g + 5089. Calculate i(219).
-4109
Let q(y) = -y**3 + 7*y**2 + 492*y - 1035. Give q(25).
15
Let o(v) = v**2 - 181146*v - 3442137. Give o(-19).
-2
Let z(r) = -8773*r + 772040. Determine z(88).
16
Let k(l) = -l**3 - 185*l**2 + 266*l - 56013. Give k(-188).
11
Let v(w) = -3723*w + 133. Calculate v(0).
133
Let m(l) = -8644*l - 1918914. Give m(-222).
54
Let j(v) = -174*v - 11248. What is j(-64)?
-112
Let k(d) = 113*d**3 - 797*d**2 + 39*d - 4. Calculate k(7).
-25
Let z(v) = 145*v**2 - 7398*v + 415. Determine z(51).
262
Let y(t) = -595*t + 39489. What is y(66)?
219
Let i(x) = 41026*x + 532804. Determine i(-13).
-534
Let s(x) = -409*x**2 - 4093*x - 10241. Give s(-5).
-1
Let v(c) = 21*c**2 + 1205*c + 174. Give v(-57).
-282
Let x(u) = 3*u**3 - 198*u**2 - 3*u + 227. Determine x(66).
29
Let f(h) = -h**3 - 231*h**2 - 6856*h + 132. Give f(-35).
-8
Let l(p) = 12*p**3 + 8*p**2 - 58*p + 151. Determine l(4).
815
Let s(x) = x**3 - 15*x**2 - 124*x - 37. Give s(22).
623
Let d(u) = -566*u + 49692. What is d(89)?
-682
Let t(z) = 4808*z - 649077. Calculate t(135).
3
Let x(c) = 1928*c + 194739. What is x(-101)?
11
Let h(b) = 275*b**2 - 800*b - 19. Determine h(3).
56
Let y(l) = -9654*l + 77203. Determine y(8).
-29
Let s(t) = -153*t + 590. Calculate s(4).
-22
Let v(d) = -18782*d - 1295842. What is v(-69)?
116
Let y(u) = -761281*u + 5328966. Calculate y(7).
-1
Let o(u) = 8*u**2 - 415*u - 2851. Determine o(58).
-9
Let l(c) = 2*c**3 - 21*c**2 - 57*c - 906. Give l(14).
-332
Let n(y) = -2*y**3 + 518*y**2 - 5917*y - 2702. Determine n(247).
15
Let j(o) = -414*o - 7433. Determine j(-19).
433
Let o(k) = -19*k**2 + 1325*k - 11352. What is o(10)?
-2
Let w(m) = 11993*m - 12114. Give w(1).
-121
Let p(t) = -t**3 - 21*t**2 + 84*t + 827. Calculate p(-8).
-677
Let d(k) = -38*k - 3892. Calculate d(-103).
22
Let o(u) = 8031*u - 104228. Determine o(13).
175
Let d(o) = 5*o**3 + 652*o**2 - 376*o + 2222. Calculate d(-131).
-5
Let d(y) = y**3 + 27*y**2 - 484*y + 1623. What is d(5)?
3
Let d(g) = 3167*g + 1095778. Determine d(-346).
-4
Let l(n) = 7566*n + 75538. What is l(-10)?
-122
Let g(s) = 3*s**2 + 64962*s + 194879. What is g(-3)?
20
Let b(m) = -m**3 - 14*m**2 - 611*m - 3840. Calculate b(-7).
94
Let d(c) = 2*c**3 + 4*c**2 + 3576*c + 21626. Give d(-6).
-118
Let p(b) = -31*b**2 + 76*b - 258. Calculate p(5).
-653
Let o(h) = 2571*h + 74605. Give o(-29).
46
Let i(d) = -d**3 - 449*d**2 + 47251*d - 2685. Calculate i(-537).
0
Let l(r) = -r**3 + 5*r**2 + 6*r - 52. What is l(-5)?
168
Let r(n) = -1051*n + 9479. Calculate r(9).
20
Let x(z) = -3*z**2 + 1414*z + 7126. What is x(-5)?
-19
Let a(l) = l**2 + 8677*l + 52077. What is a(-6)?
51
Let r(w) = 2*w**2 + 10877*w - 273133. Determine r(25).
42
Let w(y) = 37847*y + 492048. Give w(-13).
37
Let q(b) = b**2 - 16899*b - 135249. Calculate q(-8).
7
Let t(d) = 4953*d + 579473. Calculate t(-117).
-28
Let h(k) = -1762*k**2 + 3226*k - 3. Determine h(2).
-599
Let h(f) = 4*f**3 + 878*f**2 